{"id":24,"date":"2019-04-04T12:32:41","date_gmt":"2019-04-04T09:32:41","guid":{"rendered":"http:\/\/jamsahko.com\/?page_id=24"},"modified":"2024-12-05T15:20:04","modified_gmt":"2024-12-05T13:20:04","slug":"palvelut","status":"publish","type":"page","link":"https:\/\/jamsahko.com\/?page_id=24","title":{"rendered":"Palvelut"},"content":{"rendered":"<h2>PALVELUT<\/h2>\n<p>* S\u00e4hk\u00f6asennukset<\/p>\n<p>* S\u00e4hk\u00f6suunnitelmat<\/p>\n<p>* Heikkovirta-asennukset<\/p>\n<p>* Kodin turvalaiteasennukset<\/p>\n<p>* S\u00e4hk\u00f6tarvikemyynti<\/p>\n<p>jamsahko.com &#8211; Pohjlajatie 12, 84100 Ylivieska &#8211; +358 400 860 679 &#8211; Web hosting Eagle Media<\/p>\n","protected":false},"excerpt":{"rendered":"<p>PALVELUT * S\u00e4hk\u00f6asennukset * S\u00e4hk\u00f6suunnitelmat * Heikkovirta-asennukset * Kodin turvalaiteasennukset * S\u00e4hk\u00f6tarvikemyynti jamsahko.com &#8211; Pohjlajatie 12, 84100 Ylivieska &#8211; +358 400 860 679 &#8211; Web hosting Eagle Media<\/p>\n","protected":false},"author":1,"featured_media":0,"parent":0,"menu_order":0,"comment_status":"closed","ping_status":"closed","template":"elementor_canvas","meta":{"footnotes":""},"class_list":["post-24","page","type-page","status-publish","hentry"],"_links":{"self":[{"href":"https:\/\/jamsahko.com\/index.php?rest_route=\/wp\/v2\/pages\/24","targetHints":{"allow":["GET"]}}],"collection":[{"href":"https:\/\/jamsahko.com\/index.php?rest_route=\/wp\/v2\/pages"}],"about":[{"href":"https:\/\/jamsahko.com\/index.php?rest_route=\/wp\/v2\/types\/page"}],"author":[{"embeddable":true,"href":"https:\/\/jamsahko.com\/index.php?rest_route=\/wp\/v2\/users\/1"}],"replies":[{"embeddable":true,"href":"https:\/\/jamsahko.com\/index.php?rest_route=%2Fwp%2Fv2%2Fcomments&post=24"}],"version-history":[{"count":11,"href":"https:\/\/jamsahko.com\/index.php?rest_route=\/wp\/v2\/pages\/24\/revisions"}],"predecessor-version":[{"id":108,"href":"https:\/\/jamsahko.com\/index.php?rest_route=\/wp\/v2\/pages\/24\/revisions\/108"}],"wp:attachment":[{"href":"https:\/\/jamsahko.com\/index.php?rest_route=%2Fwp%2Fv2%2Fmedia&parent=24"}],"curies":[{"name":"wp","href":"https:\/\/api.w.org\/{rel}","templated":true}]}}